third derivative of h(k). What is a(-4)?
7
Let i(f) = -f**3 + 49*f**2 + 7*f - 4*f - 51*f**2 - 1. Give i(-3).
-1
Let w(v) = v**2 - 48*v - 319. Let n be w(-6). Let i(k) = k**2 - 3*k + 7. Determine i(n).
17
Let i(h) = 3*h + 25. Let v(u) = -u - 14. Let q(a) = -2*i(a) - 5*v(a). Determine q(10).
10
Let j(g) = g - 4. Suppose 45*z + 114 = -66. Determine j(z).
-8
Suppose -3*t = 2*t - 5. Let d(s) = t - 176*s + 179*s - 1. Calculate d(3).
9
Let g(h) = 13*h - 3. Suppose -8*n + 52*n - 88 = 0. Determine g(n).
23
Let v = 1 + -2. Let l(r) = 4*r**2 - 7*r + 5. Let p(y) = -y + 1. Let w(t) = -l(t) + 6*p(t). Give w(v).
-4
Let v(r) be the third derivative of -r**4/24 - 13*r**3/3 + 99*r**2. Determine v(0).
-26
Let x(n) be the second derivative of -n**5/60 + n**4/24 + 2*n**3/3 - 6*n**2 - 2*n. Let u(m) be the first derivative of x(m). Give u(-3).
-8
Let r(n) = 10*n + 2. Suppose -56 = 147*u - 133*u. What is r(u)?
-38
Let k(g) = g**3 + 7*g**2 - 13*g - 40. Let s be k(-8). Let c(x) = x + 10. Let v(h) = -h - 11. Let u(j) = -2*c(j) - 3*v(j). Determine u(s).
13
Let g(x) be the second derivative of x**3/3 - 3*x**2 + x. Let m(y) = -y**2 + 47*y + 1344. Let l be m(-20). Determine g(l).
2
Let g(z) = z**3 - z**2 + 12*z - 12. Let u(p) = p**3 - 2*p**2 + 11*p - 11. Let h(o) = 4*g(o) - 5*u(o). Let l = -612 + 617. Determine h(l).
-3
Let y(c) = -6*c + 3. Let t(w) = w + 1. Let q be t(5). Let u(k) = 7*k - 3. Let x(v) = q*y(v) + 5*u(v). Suppose 10 = -4*d - 6. What is x(d)?
7
Let y = 34 + -24. Let f(r) = -r - 16 + 6*r + y + r**2 + 0*r. Suppose 0*c - 5*c + 4*n = 29, -3*n + 18 = -3*c. Calculate f(c).
-6
Let a(v) be the second derivative of v**8/6720 - v**7/504 - v**6/120 - v**5/20 - v**4/2 - 14*v. Let f(b) be the third derivative of a(b). Calculate f(6).
-6
Let y(q) = -2*q + 1. Let z = -7 + 3. Let i(s) = 3*s - 1. Let m(a) = z*y(a) - 3*i(a). Let h(p) = 4*p + 2. Let n(v) = -h(v) - 3*m(v). Give n(3).
-2
Suppose -15*a + 2*a = -78. Let f(z) = -5*z**2 + 14 - 6*z + z**3 + 0*z**2 - 13. What is f(a)?
1
Let x(d) = -d**3 + 5*d**2 - 3*d - 5. Let h = -34 + 41. Suppose -2*k - h = -15. Determine x(k).
-1
Let w(j) = 4*j**2 + 5*j. Let a(v) = -v**2 + v + 2. Let k(u) = 3*a(u) + w(u). Let h = 11 - 8. Suppose -5*m = h*s + 16, -3*m - 2*m = 5*s + 10. Calculate k(m).
-9
Let v(f) be the second derivative of -5*f**3/3 + f**2/2 - f + 98. What is v(-2)?
21
Let g(j) = j**3 + 6*j**2 - 8*j. Let p be g(-7). Let v = -10 - -12. Let u(r) = r - v + 53*r**2 - 46*r**2 - r**3 - 3. Determine u(p).
2
Suppose -97*s + 95*s = p + 24, 3*p + 5*s + 73 = 0. Let f(k) = -k**2 - 24*k + 47. What is f(p)?
-5
Let n(y) = -21*y**2 + 2*y. Let m(f) = 32*f**2 - 3*f. Let t(z) = 5*m(z) + 8*n(z). Suppose -3*o + 107 = -8*w + 3*w, 19 = -w + 3*o. Let k = w - -23. What is t(k)?
-7
Let t(n) = -4*n**2 - 10*n - 2. Let c be -3*(-1 + (-1 - 1)). Let r(o) = 3 + c*o + 12 - 14 + 3*o**2. Let m(i) = 5*r(i) + 4*t(i). Give m(5).
-3
Let m = 445 - 438. Let f(a) = -a - 10. Calculate f(m).
-17
Let i(m) = -m**2 + 2. Suppose -4*r + 9 = -7. Suppose -r*u + 9 = 1. Give i(u).
-2
Let c(o) = -o**2 + 5*o + 4. Let r(j) = -j**2 - 29*j - 104. Let v be r(-4). Determine c(v).
-32
Let q(y) = 9*y**3 + 28*y**2 + y - 11. Let s be q(-3). Let v = -4 + 11. Let o(a) = -3*a + a - v + 1. What is o(s)?
4
Let k = -367 - -360. Let q(n) = -n**3 - 8*n**2 - 7*n + 2. Determine q(k).
2
Let y(r) = 2*r**2 + 69*r - 10. Let o(g) = g**2 + 40*g - 5. Let c(m) = 5*o(m) - 3*y(m). Determine c(-4).
17
Let x = -10356 + 10359. Let p(q) = 3*q**3 + 13*q**2 + 3*q + 7. Let o be (2/2 - 0)*-2. Let h(s) = -s**3 - 6*s**2 - s - 3. Let i(u) = o*p(u) - 5*h(u). Give i(x).
7
Let g(x) be the third derivative of x**6/60 + x**4/8 - x**3/3 + 2*x**2. Let t = 716 - 714. Give g(t).
20
Let w(a) = -a**3 + 3*a**2 - 3. Let b be (-846)/(-705)*(1 - (-3)/2). Determine w(b).
-3
Let o(h) = h**3 + 5*h**2 + 5*h - 3. Suppose -3*r - 10 = -s, -7*r + 2*r - 50 = 5*s. Let j = s - -5. Suppose j = -q - t - 2, -4*t = 5*q + 7 + 5. Give o(q).
-7
Suppose f = 5*v - 9, -5 = 3*f - 4*v - 0. Let s(i) = 14*i + 2. What is s(f)?
16
Let c = -578 + 573. Let f(z) = 7*z + 14. What is f(c)?
-21
Suppose 318 = -6*t - 0*t. Let v = 56 + t. Let b(m) = 4*m**2 + m - 3. Let p(g) = -g**2 - g + 1. Let z(o) = -b(o) - 5*p(o). Calculate z(v).
19
Let q(c) = 2*c**3 - 2*c**2 - 2*c. Suppose 2*g = 0, -4*x - g = 4*g - 292. Suppose -3*f - 67 = -x. Calculate q(f).
4
Let s be ((-42)/(-49))/(5/(-35)). Let v(o) = -2*o**3 - 3*o**2 + 12*o - 16. Let a(f) = f**3 + f**2 - 6*f + 8. Let j(r) = 7*a(r) + 4*v(r). Give j(s).
-8
Let z(w) be the second derivative of -w**4/12 + 5*w**3/6 + 15*w + 3. Calculate z(6).
-6
Let i(d) = -d**2 - 7*d - 3. Let r be i(-6). Let q(v) be the first derivative of -v**4/4 + v**3/3 + 3*v**2/2 + 4*v + 135. What is q(r)?
-5
Let h(j) = -2*j - 1. Let a(n) = 12*n**2 + 2*n - 10. Let g be a(2). Let l be (3/9)/((-7)/g). Give h(l).
3
Let c(g) be the second derivative of -11*g**5/20 - g**4/6 + g**2/2 - 163*g. What is c(-1)?
10
Suppose -2*b - 7 = 5*d - 23, -2*d = 3*b - 13. Suppose 1 = -b*w - 17. Let f(q) = q**3 + 7*q**2 + 6*q - 4. Determine f(w).
-4
Let r(n) = 2*n - 4. Let g(t) = 6*t**2 - 20 - 4*t**3 - 3*t + 8*t**3 - 3*t**3 + 6. Let l be g(-6). Suppose -y = -c + 6, l*c - 9 = -0*c - y. Determine r(c).
2
Suppose 8*g = 4 + 4. Let v(a) = 4*a + g - 4 + 4. Give v(-1).
-3
Let c(x) = -7 + 80*x - 170*x - x**3 + 85*x + 3*x**2 + 2*x**3 + 3. Give c(-4).
0
Let l(m) be the third derivative of -m**7/840 + 7*m**6/360 - m**5/15 + 5*m**4/24 + 3*m**3/2 + 24*m**2. Let i(a) be the first derivative of l(a). Determine i(5).
15
Let k(p) = -4*p - 3. Let f(y) = y**2 - 3*y + 3. Let n = 7 - -9. Let h = 19 - n. Let w be f(h). What is k(w)?
-15
Let z(i) = -10*i**3 + 6*i**2 - 4*i - 2. Let m(j) = 23*j**3 - 11*j**2 + 7*j + 5. Let v(r) = -3*m(r) - 7*z(r). Calculate v(8).
-9
Let o be 84/98*(-28)/(-6). Suppose 4*d = -2*y + 16, -o*d = -2*y - 2*d + 22. Let z = y - 7. Let n(a) = a**2 - 2*a + 3. What is n(z)?
6
Suppose -r - 2*f + 15 - 5 = 0, 3*r = 4*f. Let d(w) = -w + 9. Determine d(r).
5
Let r(y) be the third derivative of -y**5/10 + y**4/6 - 2*y**3/3 - 5*y**2. Let a(o) = 5*o**2 - 3*o + 3. Let l(q) = -5*a(q) - 4*r(q). Suppose h = -h. Give l(h).
1
Let f(q) = q**3 + 2 - 6*q + 81*q**2 + 0*q**3 - 77*q**2 + 3. Give f(-6).
-31
Let c(u) = -u**3 - 14*u**2 - 15*u - 17. Let h = -931 - -918. Calculate c(h).
9
Let d(v) = 3*v + 2. Let z(s) = 4. Let w(m) = -m - 4. Let a(u) = 4*w(u) + 5*z(u). Let i be a(2). Calculate d(i).
-10
Let b(m) be the first derivative of -m**2 - 4*m + 104. Determine b(-9).
14
Let p(u) = u. Suppose -4*n = 3*d + 11, -n - 2 = d - 0*d. Let r(j) = -3*j - 1. Let m(t) = n*p(t) - 2*r(t). What is m(-5)?
-3
Let j be 1/2 - (-3)/2. Let b(s) be the third derivative of -s**5/30 - s**4/24 - 343*s**2. Determine b(j).
-10
Let r be -62 - (2 - (4/2 - 1)). Let u be (18/r)/(2/(-14)). Let q(b) = 2*b**2 + b - 2. Give q(u).
8
Let f = 2478 + -2475. Let q(c) = -9*c - 4. Calculate q(f).
-31
Let b(s) = -1 - 1 - s**2 + 11 + 35*s - 34*s. Let g(r) = -r**3 + 17*r**2. Let f be g(17). What is b(f)?
9
Let r(x) be the second derivative of x**3/6 - 6*x**2 - 120*x. Determine r(12).
0
Let w(s) = -47*s + 6. Let d(u) = -9*u. Let t(a) = 4*d(a) - w(a). Determine t(4).
38
Let u(j) = 2*j + 52. Let l be u(-19). Let r be (-6)/l - 572/(-77). Let o(k) = k - 9. Determine o(r).
-2
Let z(y) = y**3 + y**2 + y - 7. Let l = -12 + 6. Let n = 9 + l. Suppose -g = n*g. What is z(g)?
-7
Let l(o) be the first derivative of 18 - 2/3*o**3 + 2*o + 3*o**2. Give l(5).
-18
Let a be ((-8)/6 - -3)*3. Suppose a = -5*n - 0. Let b = -5 + n. Let c(y) = y**3 + 6*y**2 - 1. Determine c(b).
-1
Let d(l) be the third derivative of 4*l**2 + 1/60*l**5 + 0 + 0*l - 2/3*l**3 + 0*l**4. Calculate d(-3).
5
Let g(t) = 11*t - 10. Let m be g(2). Let v(b) = -b**2 + 12*b + 10. Calculate v(m).
10
Suppose 8 = u + 4. Suppose n = -u*c + 8, -c - 3*n + n = -2. Let t(o) = -6*o**2 - o**2 - 1 - 4*o + 6*o**c. Give t(-3).
2
Let w(z) = 7*z**2 + 7*z - 4. Let l(f) = f**2 + f. Let y = -35 + 29. Let j(q) = y*l(q) + w(q). Suppose -1 - 5 = -2*v. Give j(v).
8
Let o(v) = v - 3. Let i(p) = -p**3 + 11*p**2 - 40*p + 288. Let g be i(10). What is o(g)?
-15
Suppose 8 = 3*p + 2*k, -20 = -2*p - k - 4*k. Let u(j) be the third derivative of p + 5*j**2 + 1/24*j**4 + 0*j**3 - 1/12*j**5 + 0*j. Calculate u(1).
-4
Let w(i) be the second de